 a**3 + 13*a**2 + 11*a - 8. Let w be p(-12). Suppose 9 = i - w*i, -2*s - 5*i = 179. Let d = -13 - s. What are the prime factors of d?
3, 23
Let j(b) = b**2 + b. Let u be j(-2). Suppose 3*z + q + 26 = -0*q, -q = u. Let i(d) = -4*d + 6. List the prime factors of i(z).
2, 19
Let w = 32 - 30. List the prime factors of w/9 - 349/(-9).
3, 13
Let h be (-45)/(-2)*(-4)/(-6). Let i(y) = -y**3 + 16*y**2 - 13*y - 2. Let j be i(h). Suppose j*g + 189 = 31*g. What are the prime factors of g?
3, 7
Let y be ((-18)/9)/((-1)/2). Suppose -y*g - 4*l = -g + 101, 0 = -4*g + 2*l - 120. Let n = -19 - g. What are the prime factors of n?
2, 3
Suppose -5*s - 2*j = 324, -j - 2*j - 6 = 0. Let k be ((-1)/2)/(8/s). List the prime factors of k/(-10) - (-471)/15.
31
Let s(f) = -140*f + 48. List the prime factors of s(-6).
2, 3, 37
Let c(i) = i**3 + 4*i**2 - 8*i - 1. Suppose -13 = -x - 4*z, 5 - 3 = 2*z. Suppose 5*d = 9 - 4, -x = k - 4*d. List the prime factors of c(k).
2, 7
Suppose 0 = 46*m - 49*m + 12. List the prime factors of (86 + -1)/(2/m).
2, 5, 17
Let q(b) = -162*b**2 - b + 1. Let k be q(1). Let p = 72 - k. Suppose 2*w - d - 4*d = 131, 3*w = -5*d + p. What are the prime factors of w?
73
Suppose -90 = -5*v + 25. Let s = v - -101. Suppose 4*b - 42 = j + 76, 4*b - s = -2*j. List the prime factors of b.
2, 3, 5
Let s = 27 + -15. Suppose -5*h = 4*p - 0*h + 37, -s = -4*h. List the prime factors of p/(-2)*(2 - 0).
13
Let k = 4674 + -2492. What are the prime factors of k?
2, 1091
Let p(n) = 36 - 33*n - 8*n**2 + 4*n**2 + 3*n**2. List the prime factors of p(-21).
2, 3
Let a(d) be the third derivative of 7*d**4/4 - d**3/3 + 3*d**2. List the prime factors of a(1).
2, 5
Let i(m) = 27*m - 12. Let n be 6/(-30) - (96/(-10))/3. List the prime factors of i(n).
3, 23
Let y be (1*-21)/(-3)*2. Suppose -4*v + y = 2. Suppose 0 = -f + 4*g + 47, -5*g - 100 = f - v*f. List the prime factors of f.
5, 11
Let a = -18 + 26. What are the prime factors of (-750)/(-8) + (-2)/(a/(-1))?
2, 47
Let w(z) = z**2. Let p be w(-4). Let c = 11 + p. Suppose 0 = j - 4*j + c. List the prime factors of j.
3
Let c(k) = -87*k - 52. What are the prime factors of c(-9)?
17, 43
Suppose 0 = b + 3, 5*t + 3*b - 6*b - 19 = 0. Suppose 20 = t*g - 10. What are the prime factors of g?
3, 5
Let g be -7 + 154/13 - (-2)/13. What are the prime factors of (g + (-108)/20)*-360?
2, 3
Let u(l) be the first derivative of -l**3/3 - 17*l**2/2 - 23*l - 35. What are the prime factors of u(-10)?
47
Let r(l) = 2*l**2 - 11*l. Let q = 35 - -22. Suppose 2*a + 5*h - q = -14, 0 = a + 4*h - 29. List the prime factors of r(a).
3, 7
Let h = 1261 + -460. List the prime factors of h.
3, 89
Let m = 39 - 39. Suppose -2*t - 5*l + 204 = m, 3*t - 3*l - 105 = 180. List the prime factors of t.
97
Let n(c) = c. Let o(d) = 15*d - 24. Let u(r) = 5*n(r) - o(r). What are the prime factors of u(-7)?
2, 47
Let n(i) = -26*i**2 + 18 + 27*i**2 + 3*i + 2*i + i**3 - 4*i. What are the prime factors of n(0)?
2, 3
Let g = -30 + 34. Suppose g*y - 132 = 2*m, -6*m + 74 = 2*y - 3*m. List the prime factors of y.
2, 17
Let h = 29 - 27. Suppose -h*d - 3*d = -2*w + 152, d = -2*w + 140. What are the prime factors of w?
71
List the prime factors of 10/(-4)*(-17)/((-136)/(-336)).
3, 5, 7
Suppose -43*a = -53*a + 4980. What are the prime factors of a?
2, 3, 83
Suppose -17 = -3*w - 8. Suppose 0 = x + 4, a - w*x - 9 = 2*a. Suppose -5 = -f - c, -f + 45 = a*f - c. What are the prime factors of f?
2, 5
Suppose 4*g + 5*q = 18, -5*g + 3 = 5*q - 17. Suppose 4*a - 2*a - 234 = -5*w, 100 = g*w + 4*a. List the prime factors of w.
2, 23
Suppose -5*w - h - 10 = 0, 0 = -3*w + 4*h - 18 - 11. Let c(z) = 4*z**2 - 2*z + 2. What are the prime factors of c(w)?
2, 11
Let z = -24 - -28. Suppose -i = 2*i - 3*p - 267, -4*i = z*p - 372. What are the prime factors of i?
7, 13
Let o = 106 + -60. Suppose 0 = 2*r - 2*h - o, h - 23 = -2*r + 17. List the prime factors of r.
3, 7
Suppose 0 = -3*b + 18 + 78. Let u = b - 30. What are the prime factors of u?
2
Suppose 3*h - 26 = -5. Suppose -9*g - 18 = -h*g. What are the prime factors of (-236)/g - 14/63?
2, 13
Let h(g) = 17*g**2 + 3*g - 3. Let u be h(2). Suppose 3*i - 61 - u = 0. What are the prime factors of i?
2, 11
Suppose 48 = 4*y + 3*b, 4*b + 5 = y + 3*b. Let r(u) = 4*u - u**2 + 2*u + u - 5*u**2 + y - u**3. List the prime factors of r(-7).
3
Let n = 1928 + -1097. What are the prime factors of n?
3, 277
Let o be 14 + (0/(-3))/(-4). Let j = -5 + o. What are the prime factors of (-9)/(-6) - j/(-6)?
3
Let p(i) = i + 9. Suppose -24 = 4*m - 2*n, -3*m - 2*n = -0*n + 32. Let s be p(m). Suppose 5*l - s - 34 = 0. List the prime factors of l.
7
Let n = -62 + 324. Suppose -18 - n = -4*q. What are the prime factors of q?
2, 5, 7
Let t = -74 - -78. Suppose -t - 46 = -c. List the prime factors of c.
2, 5
Let o(p) be the second derivative of 11*p**4/12 + p**3/3 - p**2/2 + 15*p. List the prime factors of o(-1).
2
List the prime factors of 2/15 + 388/15.
2, 13
Let a(c) = c**3 - 2*c**2 - 92*c + 37. What are the prime factors of a(18)?
5, 23, 31
Let a = -153 - -242. Let h = a + -59. Suppose -h - 4 = -m. What are the prime factors of m?
2, 17
Let s(d) = 123*d**2 - 13*d + 33. List the prime factors of s(4).
1949
What are the prime factors of (-39704)/(-49) - (-6)/(-21)?
2, 3, 5
Let f(j) = 2 - 10 - 16*j - 6. What are the prime factors of f(-5)?
2, 3, 11
Suppose -8 - 7 = -5*a. Suppose -4*q + 261 = w, -w - 170 = -a*q + 31. Suppose 2*u - q = -0*u. What are the prime factors of u?
3, 11
Suppose n = -5*p + 3 + 3, -4*p + 4 = 0. Let z(w) = 27*w**2 + w - 1. Let c be z(n). Suppose 5*o - 2*u + 5*u = 123, o + 3*u - c = 0. List the prime factors of o.
2, 3
What are the prime factors of 691 + (-42)/(-6) - (-3 - 2)?
19, 37
Suppose 0 = -32*m + 38216 + 10040. List the prime factors of m.
2, 13, 29
Let y(x) = 25*x**2 + 29*x + 7. What are the prime factors of y(9)?
2293
Let r(l) = 126*l - 217. What are the prime factors of r(4)?
7, 41
Let l(h) = 7*h**2 + 9*h + 15. Let b(z) = -6*z**2 - 8*z - 14. Let u(n) = -6*b(n) - 5*l(n). Let c be (-68)/510 - (-146)/(-30). What are the prime factors of u(c)?
19
Suppose 3*c - 5 - 1 = 0. Suppose -5 = -j - p + c*p, -5*j + 41 = -p. Suppose 4*f - j = 27. List the prime factors of f.
3
Suppose 4*z - i - 16845 = 0, -27*i = -29*i - 2. What are the prime factors of z?
4211
Suppose 28 = 4*a - 4*x, 29 = 7*a - 2*a - 3*x. List the prime factors of a + -3 + (-2 - -55).
2, 3
Let i be (12/(-21) + (-46)/(-56))*0. Let g(w) = 7*w + 89. What are the prime factors of g(i)?
89
Let p(d) = -d + 5. Let h be p(4). Let r(v) = 4*v**3 - v**2 + 2*v - 1. Let x be r(h). Suppose -5*z = l - 23, -x*l + 70 = 2*z - 4*z. List the prime factors of l.
2, 3
What are the prime factors of ((-2133)/(-45))/((-3 + 2)/(-5))?
3, 79
Suppose i + 3708 = 5*p - 11563, 5*p - 15283 = -2*i. List the prime factors of p.
5, 13, 47
Let p(v) = 2*v**2 + 12*v - 4. Let m be p(-7). Let q = 3 - 3. Suppose 0 = b - q*b - m. What are the prime factors of b?
2, 5
Suppose 27*s + 22536 = 45*s. What are the prime factors of s?
2, 313
Let m(c) = c**3 - 2*c**2 + 4*c + 33. List the prime factors of m(8).
449
Let s = 1005 + -410. What are the prime factors of s?
5, 7, 17
Suppose 3*j + 21 = 2*n + 2*j, 6 = -2*j. Let r = n - -3. Suppose 11*g + 65 = r*g. List the prime factors of g.
5, 13
Let y be (-2)/((-4)/(-22)) - -1. Let p = 20 + y. Let c = 0 + p. What are the prime factors of c?
2, 5
Let n = -8 + 10. Suppose 4*o - m = 793, n*o - 5*o = 3*m - 591. List the prime factors of o.
2, 3, 11
Let u be (1 + 1)*3/(-2). List the prime factors of -16*4*u/6.
2
Let w = -3719 + 5947. List the prime factors of w.
2, 557
Suppose 0 = -167*s + 168*s + 37. Suppose 0 = -2*u + 3*u - 64. Let r = u + s. What are the prime factors of r?
3
Suppose 12*j = 13*j - 267. List the prime factors of j.
3, 89
Suppose 18*w = 13*w + 4700. What are the prime factors of w?
2, 5, 47
Suppose -14*t - 48492 = -26*t. List the prime factors of t.
3, 449
Let q(p) be the third derivative of p**5/60 + 5*p**4/24 + p**3/2 - 8*p**2. What are the prime factors of q(-6)?
3
Suppose -2*f + 3*z + 49 = 0, -z = 2*z + 9. Suppose -19*v - 77 = -f*v. List the prime factors of v.
7, 11
Let p = 2 - -3. Suppose -c = -31 - p. Suppose 4*m - c = m. What are the prime factors of m?
2, 3
Let q(i) = -i**3 + 2*i**2